08096 a multiple of 32?
True
Is 58 a factor of 1747602176?
True
Does 26 divide 19085515?
False
Does 55 divide 78594265?
False
Is 59492818 a multiple of 77?
True
Does 1442 divide 30406729?
False
Is 741824330 a multiple of 1846?
True
Is 39 a factor of 20536893?
True
Is 193 a factor of 39763971?
False
Does 45 divide 2249190?
True
Is 6491171060 a multiple of 865?
True
Does 1680 divide 3213389760?
True
Is 42485364 a multiple of 25?
False
Is 652633021 a multiple of 30?
False
Is 113 a factor of 42791970?
True
Does 128 divide 255887775?
False
Is 12336016 a multiple of 152?
True
Does 1267 divide 2337615?
True
Is 14 a factor of 117276137?
False
Is 25 a factor of 288415175?
True
Is 617 a factor of 37740039?
True
Does 19 divide 978916119?
True
Does 342 divide 188732191?
False
Is 38 a factor of 2291703213?
False
Does 1436 divide 263427020?
True
Does 4442 divide 1940862453?
False
Is 205677792 a multiple of 18?
True
Is 4820 a factor of 401926127?
False
Is 1964618161 a multiple of 367?
True
Does 92 divide 871071282?
False
Is 11 a factor of 11789778?
True
Is 870703770 a multiple of 11?
False
Does 227 divide 2296589929?
False
Does 175 divide 162394750?
True
Does 20 divide 19965392?
False
Is 231602700 a multiple of 350?
True
Does 54 divide 741831196?
False
Does 82 divide 1445493041?
False
Does 284 divide 201351740?
True
Is 1168 a factor of 151754736?
True
Does 1422 divide 2988532594?
False
Is 486 a factor of 5325388?
False
Is 131453484 a multiple of 12?
True
Is 249 a factor of 154230849?
True
Does 14 divide 474281206?
True
Is 786 a factor of 2506554?
True
Is 1318 a factor of 10269856?
True
Is 80406830 a multiple of 70?
True
Is 265 a factor of 19083975?
True
Is 15 a factor of 3392121690?
True
Does 589 divide 55399093?
False
Is 3797383 a multiple of 16?
False
Does 73 divide 1077473000?
False
Is 288355928 a multiple of 12?
False
Is 1271 a factor of 9631519?
False
Does 1008 divide 607079003?
False
Is 6085751148 a multiple of 2622?
True
Does 51 divide 456862819?
False
Does 63 divide 31273515?
True
Is 381641790 a multiple of 57?
True
Does 765 divide 25720525?
False
Is 59203584 a multiple of 99?
True
Is 3 a factor of 356148570?
True
Is 3131 a factor of 1699731004?
False
Is 2758959565 a multiple of 1205?
True
Is 436 a factor of 90680934?
False
Is 35 a factor of 40003705?
True
Is 137 a factor of 50173099?
True
Is 141203774 a multiple of 1392?
False
Is 59 a factor of 1045266036?
False
Is 26248960 a multiple of 10?
True
Is 43071561 a multiple of 280?
False
Does 117 divide 3189183309?
True
Is 7 a factor of 955334839?
False
Is 1288 a factor of 1115001397?
False
Is 923 a factor of 2072789407?
True
Is 180 a factor of 190145340?
True
Is 69941454 a multiple of 818?
True
Does 8 divide 11639632?
True
Is 6643119 a multiple of 68?
False
Is 17 a factor of 89135558?
False
Does 278 divide 162513466?
False
Is 1348163 a multiple of 331?
True
Is 146 a factor of 44277737?
False
Is 93 a factor of 672828681?
True
Is 37299035 a multiple of 7?
False
Is 7407 a factor of 223707074?
False
Is 79 a factor of 13339071?
True
Does 5 divide 28176403?
False
Is 135192306 a multiple of 2056?
False
Does 44 divide 539938080?
True
Is 1776 a factor of 4443552?
True
Is 389 a factor of 75049120?
False
Is 24 a factor of 35575440?
True
Does 39 divide 95230035?
False
Does 51 divide 2078053497?
True
Does 3387 divide 1217447457?
False
Is 158 a factor of 4172306?
True
Does 61 divide 121787415?
True
Is 396766170 a multiple of 9?
True
Does 18 divide 1039138247?
False
Is 121 a factor of 3649602?
True
Is 50 a factor of 38549247?
False
Does 12 divide 148820964?
True
Is 13513940 a multiple of 17?
False
Does 9 divide 2692081327?
False
Is 462501951 a multiple of 73?
False
Is 11 a factor of 200938122?
True
Is 2329082667 a multiple of 3309?
True
Does 80 divide 68980554?
False
Does 630 divide 614344751?
False
Is 683 a factor of 306602798?
True
Is 135 a factor of 359235?
True
Is 5911615740 a multiple of 30?
True
Is 68 a factor of 151284088?
True
Is 239 a factor of 1455492?
False
Is 67064520 a multiple of 47?
False
Does 11 divide 41912654?
False
Is 13 a factor of 617641115?
True
Is 125 a factor of 3013622187?
False
Is 1632870400 a multiple of 680?
True
Is 1400011430 a multiple of 10?
True
Does 252 divide 177374232?
True
Is 1787872117 a multiple of 22?
False
Is 28 a factor of 4659621?
False
Is 2337 a factor of 3047236?
False
Does 68 divide 26819461?
False
Is 155380344 a multiple of 14?
True
Is 1045 a factor of 537072919?
False
Is 14817509 a multiple of 374?
False
Does 1229 divide 38065680?
False
Does 58 divide 37202605?
False
Is 5 a factor of 6655978?
False
Is 176 a factor of 519587399?
False
Is 261393718 a multiple of 112?
False
Is 20 a factor of 16168075?
False
Is 14 a factor of 6750420?
False
Does 345 divide 638419740?
True
Is 1222686555 a multiple of 115?
True
Is 31 a factor of 16691136?
False
Is 43810918 a multiple of 7?
False
Is 210835156 a multiple of 2874?
False
Is 22521754 a multiple of 520?
False
Is 919504404 a multiple of 14?
True
Does 5 divide 146200?
True
Is 90546139 a multiple of 2?
False
Is 236575500 a multiple of 10?
True
Is 1060852816 a multiple of 3440?
False
Does 73 divide 236257711?
True
Is 23305638 a multiple of 311?
False
Is 1691148 a multiple of 6?
True
Is 5176 a factor of 599541256?
True
Is 6229624208 a multiple of 4509?
False
Does 307 divide 12447639?
False
Is 38 a factor of 4180608?
True
Does 4363 divide 193080202?
True
Is 100569759 a multiple of 15?
False
Is 35325409 a multiple of 18?
False
Is 30396990 a multiple of 7?
False
Does 35 divide 45871810?
False
Does 746 divide 734428197?
False
Does 4159 divide 391519942?
True
Is 198229641 a multiple of 284?
False
Is 4 a factor of 8246841?
False
Is 432 a factor of 81917568?
True
Is 1188050396 a multiple of 1226?
True
Is 67916878 a multiple of 11?
False
Is 78640620 a multiple of 303?
True
Is 2380 a factor of 931862820?
True
Does 1225 divide 144761925?
True
Is 2698016 a multiple of 74?
False
Is 363 a factor of 233435136?
True
Does 6 divide 53208432?
True
Is 20651328 a multiple of 1836?
True
Is 2 a factor of 11354151?
False
Is 25133679 a multiple of 5?
False
Is 36 a factor of 441729216?
True
Is 836384256 a multiple of 512?
True
Is 4 a factor of 4403153?
False
Does 13 divide 408139198?
False
Does 11 divide 9165728?
True
Is 10 a factor of 67426489?
False
Does 13 divide 19973930?
False
Does 6 divide 13885036?
False
Is 33 a factor of 148122100?
False
Does 183 divide 735397510?
False
Is 783 a factor of 512803143?
True
Is 10530775 a multiple of 3?
False
Is 2341 a factor of 1127778?
False
Is 1067 a factor of 56502985?
True
Is 56224665 a multiple of 21?
True
Does 1128 divide 52721592?
True
Is 3531055095 a multiple of 7796?
False
Is 3745490377 a multiple of 212?
False
Is 15 a factor of 15257604?
False
Does 119 divide 366314758?
False
Is 37 a factor of 164902155?
True
Does 14 divide 509402533?
False
Is 16 a factor of 1320408192?
True
Does 20 divide 1991806114?
False
Does 196 divide 702108260?
True
Is 66839272 a multiple of 10?
False
Is 670726620 a multiple of 15?
True
Is 111052500 a multiple of 1742?
True
Is 107245855 a multiple of 5?
True
Is 1614590263 a multiple of 369?
False
Does 420 divide 71974255?
False
Is 878 a factor of 79159085?
False
Is 140 a factor of 70683553?
False
Is 146 a factor of 23414636?
False
Does 308 divide 1373447460?
True
Is 7585391 a multiple of 25?
False
Does 27 divide 203935212?
True
Does 1975 divide 1830364825?
True
Does 361 divide 75381854?
True
Does 4 divide 5438670?
False
Does 2405 divide 4701831?
False
Is 4045889808 a multiple of 72?
True
Is 84 a factor of 32479135?
False
Is 1675912844 a multiple of 111?
False
Does 65 divide 311940200?
True
Is 189 a factor of 148527162?
True
Is 1840 a factor of 76165923?
False
Does 1801 divide 853189825?
False
Is 14423472 a multiple of 42?
True
Does 8581 divide 878188121?
True
Is 1605 a factor of 29960535?
True
Does 396 divide 538669692?
True
Does 33 divide 110665863?
True
Does 72 divide 229752?
True
Does 6 divide 2679834?
True
Does 13 divide 25123730?
False
Does 2 divide 29103673?
False
Is 1524197806 a multiple of 7?
False
Is 23399640 a multiple of 2280?
True
Does 75 divide 23905200?
True
Does 342 divide 1224922590?
True
Does 3435 divide 38389560?
True
Is 6609730 a multiple of 5?
True
Is 15 a factor of 1